 = 1916. Calculate the highest common divisor of 288 and y.
96
Let c = -10033 - -10067. What is the highest common divisor of 134 and c?
2
Suppose -34*m = 2*v - 35*m - 4219, 2*m - 10516 = -5*v. What is the highest common factor of v and 585?
117
Let l be (301693/(-262))/(2 - ((-39)/(-12) - 1)). Calculate the highest common factor of 94 and l.
94
Let w(u) be the first derivative of 8*u**3 - 10 - 19*u - 9*u**2 - 1/4*u**4. Let n be w(23). What is the greatest common factor of n and 144?
48
Suppose -2*j = -5*y - 99, 1210*y - 1213*y - 53 = -j. Calculate the highest common divisor of j and 10976.
32
Suppose -42*h = -1717 - 4583. Suppose -84 = -13*q + h. Calculate the highest common factor of 18 and q.
18
Let d be 22 - (-1)/((-1)/1). Let c(t) = 47*t**2 - 42*t + 193. Let l be c(4). Suppose 798 - l = j. Calculate the highest common divisor of d and j.
21
Let n = 893 - 875. What is the highest common factor of n and 96?
6
Let b = -266 + 279. Let m(f) = -10*f - 18. Let u be m(-7). Calculate the highest common factor of b and u.
13
Let x = -5968 - -6638. What is the highest common factor of x and 10?
10
Let g be ((-36)/45)/((-285)/275 + 1) + 0. What is the greatest common divisor of 6677 and g?
11
Suppose -226 = 5*r + 44. Let k be (-12)/r + 6314/18. Suppose -5*g + k - 983 = -4*f, -2*g = f - 145. What is the greatest common divisor of 17 and f?
17
Suppose 0 = 4*c - 4*w - 72, 2*w + 53 = 4*c - 9. Suppose 0 = c*v - 107 - 218. What is the highest common factor of 50 and v?
25
Let t(w) = 9*w**2 + w - 567. Let z be t(19). Calculate the greatest common divisor of z and 37.
37
Let f(i) = -i**2 - 11*i - 23. Let h be f(-9). Suppose -4*t + k + 345 = 4*k, -t + 89 = -2*k. Let y = t - h. What is the greatest common divisor of 23 and y?
23
Suppose -14330 = -275*b + 30220. What is the highest common factor of b and 21006?
54
Let w be 1704/18 + 1/3. Suppose 5*y - 101 = -a, 4*y + y - 5*a = w. Suppose 27 - y = r. What is the greatest common factor of 28 and r?
7
Let y(n) = n**2 - 283*n + 4512. Let j be y(16). What is the greatest common divisor of j and 9040?
80
Suppose -227 - 7 = -2*z. Let x(q) = -q**3 - 15*q**2 + 14*q + 7. Let o be x(-16). What is the greatest common divisor of z and o?
39
Suppose -9057 = -13*q + 10456. Calculate the highest common divisor of 19 and q.
19
Let c be (-25 + 44/8)*1032/(-9). Calculate the greatest common divisor of 2752 and c.
172
Suppose -2*c - 2 = 3*i + 1, 0 = 5*c - 2*i - 40. Let s be 240 + 3/c*0. What is the highest common factor of s and 4?
4
Let c = 701 - 569. Suppose -4*m = 4*o - c, 3*o + 134 = 4*m + 6*o. Let k = -69 + 174. What is the greatest common factor of m and k?
35
Let v be 3/((-2397)/1207 + 2). What is the highest common divisor of v and 4047?
213
Let v(u) be the third derivative of u**6/40 - 59*u**5/60 - 3*u**4/4 - 10*u**3/3 + 11*u**2. Let d be v(20). What is the greatest common divisor of 20 and d?
20
Let k(y) = -y**3 - 62*y**2 + 121*y - 437. Let w be k(-64). Calculate the greatest common factor of w and 22.
11
Suppose 13 + 2 = 5*k, -3*i + 4*k + 645 = 0. Let j = 31 + -16. Suppose -u + j = -i. Calculate the greatest common divisor of u and 26.
26
Let k(f) = -6*f - 120. Let y be k(-20). Suppose 4*b = t - 154, 5*t + 4*b - 45 - 701 = y. Suppose -120 = -5*m + m. What is the highest common factor of t and m?
30
Let g = -1301 + 2029. What is the highest common factor of g and 637?
91
Let p be (-15)/60 + 114/8. Suppose 14 + 0 = r - d, -r + 3*d = -p. Calculate the greatest common divisor of r and 224.
14
Suppose -3*i + p + 438 = -28, -4*i = -2*p - 620. Let q = -150 + i. What is the greatest common factor of 14 and q?
2
Let j = 6487 + -6247. Calculate the highest common divisor of 15240 and j.
120
Suppose -2480686 = -84*y - 44*y - 18*y. What is the greatest common divisor of 13 and y?
13
Let z = 189 + -189. Suppose -6*u + 9*u - 48 = z. Calculate the greatest common divisor of u and 192.
16
Let f(n) = 165*n + 1. Let u be f(3). Let a = 622732 + -622701. What is the greatest common divisor of a and u?
31
Let s(f) = f**3 + 35*f**2 + 211*f + 72. Let h be s(-21). Let a = 30 - 17. Suppose -2*x - h = -a*x. What is the greatest common factor of 15 and x?
15
Let x be 14 - (8/4 + 1). Let n(v) = -35*v + 7. Suppose 16*h - 24*h = 16. Let i be n(h). Calculate the greatest common factor of i and x.
11
Let k be 2*(-2 + (-7)/(-2)) - 0. Let n be 607 - (-1 + k) - (-10 + 10). What is the highest common factor of n and 55?
55
Suppose 8 = -4*t + w + 24, 3*t + 7 = -4*w. Suppose 0 = -t*p - 4*x + 86, 5*p - 23*x + 22*x = 151. Calculate the greatest common factor of 135 and p.
15
Suppose -3*l + 12 = l. Suppose 698*b - 162 = 689*b. Suppose 2*d - 5*v = b, d = l*v + 11 - 1. What is the highest common divisor of d and 14?
2
Let m(v) = -364*v - 2985. Let g be m(-9). What is the greatest common divisor of 3 and g?
3
Let a be ((-3)/9)/((-5)/315). Let k = a - -66. Suppose -k = -8*z + 1. Calculate the highest common divisor of z and 88.
11
Suppose 4*b + 2*t = 28614, 0 = -56*b + 57*b - 5*t - 7159. What is the highest common divisor of 294 and b?
98
Suppose -130*r + 144*r - 966 = 0. Let s = 41 - -74. Let x be (2 - 5)/((-15)/s). Calculate the greatest common factor of x and r.
23
Let n = -18 + 28. Let u be 2904/10 + -2 + 8/5. Let q = 320 - u. What is the highest common factor of n and q?
10
Let j be 78*1*(3 + (-14)/(56/6)). Calculate the highest common divisor of j and 9477.
117
Let i be (9/(-12))/(1/(-104)). Let w(m) = 19*m**2 + 44*m - 381. Let s be w(7). What is the greatest common factor of i and s?
78
Suppose -2*y = 2*w - 426, -3*y + 623 = 3*w - 8*w. Let o = y + -91. Calculate the highest common divisor of o and 96.
24
Let a(m) = 4*m**2 + 10*m - 22. Let g be a(4). Suppose 4*i - 323 = -5*b, 8*b - 6*b - 326 = -4*i. What is the greatest common divisor of i and g?
82
Suppose -2*g = -z + 3*z - 24, 0 = -z + 5. Suppose g*y = 5 + 2. Calculate the highest common divisor of 29 and y.
1
Let a be (4 + 5)*(-8)/(-6). Let g(y) = -21*y**2 - 2*y + 14. Let l be g(5). Let w = 533 + l. What is the highest common divisor of a and w?
12
Let c be (24 - 0)*(-78)/(-12). Calculate the highest common divisor of 6812 and c.
52
Let z = -29 + 61. Let b = 982 + -910. Calculate the highest common factor of b and z.
8
Let g be (-36)/42*42/(-9). Suppose g*h = -4*b - 4, 0*b = -4*h + 5*b + 23. What is the highest common divisor of h and 46?
2
Let d = 7229 - 6759. Calculate the greatest common factor of d and 94.
94
Let o = -5504 - -5693. Let i be 16 - -2 - (0 - 0). Suppose 0 = -5*h + 117 + i. What is the highest common divisor of h and o?
27
Let p = 655 - 551. What is the greatest common factor of p and 130?
26
Suppose 4*y + y + 76 = -3*f, -5*f - 4*y - 118 = 0. Let u(i) = -i - 2. Let l be u(f). Calculate the highest common divisor of 5 and l.
5
Let h be (-50)/(35 + -10) - (-2 + -929 + -2). Calculate the greatest common factor of h and 779.
19
Suppose 11*s + 10 = -7*s + 550. Calculate the greatest common factor of 174 and s.
6
Let x be (-1 - 8/(-3))/((-14)/(-3570)). Calculate the greatest common factor of 125 and x.
25
Suppose -28*b = -26*b + 48. Let g = -18 - b. What is the highest common divisor of 30 and g?
6
Let p(a) = a**3 + 3*a**2 - a - 3. Let s(t) = -4*t + 57. Let h be s(13). Suppose 8 = h*c - 12. Let j be p(c). What is the greatest common divisor of 35 and j?
35
Let u be ((-1364)/(-28) + 1)/((-39)/(-364)). Let a = 50 - 34. Calculate the highest common factor of a and u.
16
Suppose 2*k + 116 = 4*b, 3*b - 13*k = -6*k + 87. What is the greatest common factor of b and 1769?
29
Let f be 300/90 + (-1 - (-10)/6). Suppose 4*o + 362 = b - 4*b, 0 = -2*o - f*b - 176. Let h = -2 - o. Calculate the greatest common divisor of 30 and h.
30
Suppose -735457 = -25*q - 170432. What is the highest common factor of q and 97?
97
Let u be ((-4)/6)/(719600/(-39975) - -18). Calculate the greatest common factor of 65 and u.
13
Suppose -170*r = -169*r + 655. Let h = -327 - r. What is the highest common divisor of 8 and h?
8
Suppose -5*d - 3*i + 53 = -0*i, 5*d + i = 61. Suppose -6*p = -1517 + 347. Suppose p = u + 2*u. What is the highest common divisor of d and u?
13
Let v be -14*100/160*-156. Calculate the highest common factor of v and 1560.
195
Let l(f) = f**3 + 20*f**2 + 15*f - 23. Let r be l(-17). Suppose -r*x = -594*